157a
Convert 100010001010101000 (base 2) to base 5.
13434234
Convert 101001101110101110000001 (base 2) to base 15.
e613e5
What is -20253502 (base 6) in base 13?
-175319
-116865 (base 10) to base 2
-11100100010000001
Convert 1101100011110110010 (base 2) to base 6.
13305042
Convert -2121220013 (base 4) to base 3.
-1011222011202
What is 145336 (base 9) in base 10?
89214
123411325 (base 6) to base 7
26334434
Convert 136ec3 (base 15) to base 8.
3441661
What is -468a32 (base 11) in base 15?
-ea663
Convert -3904413 (base 11) to base 7.
-111354335
Convert 1153555414 (base 6) to base 4.
302321231002
1602967 (base 11) to base 15
392546
Convert 223211332100 (base 4) to base 5.
10411141403
Convert -3282244 (base 11) to base 8.
-25753701
Convert -9aa146 (base 14) to base 2.
-10100000010010010110010
Convert -373969 (base 11) to base 10.
-590797
What is 102131100 (base 4) in base 7?
433260
What is -20000102220 (base 3) in base 15?
-25149
Convert -146055 (base 8) to base 7.
-305250
What is -16506510 (base 7) in base 10?
-1615782
3455545 (base 8) to base 6
32100005
What is -43a2a (base 15) in base 12?
-a4457
272061 (base 11) to base 14
b1a2a
-2404781 (base 9) to base 11
-80a763
Convert 7922b (base 16) to base 9.
835551
Convert -42087 (base 13) to base 14.
-313c1
Convert -1118817 (base 11) to base 2.
-111011110001111100111
5261139 (base 10) to base 6
304433043
Convert 4330300 (base 5) to base 9.
122237
What is -135535 (base 6) in base 13?
-5b7c
What is -46d33 (base 15) in base 6?
-4501003
Convert 526053 (base 8) to base 13.
6194b
-113224 (base 7) to base 16
-4f81
What is -554311 (base 8) in base 14?
-4bdc5
Convert -1002200021 (base 3) to base 16.
-5482
What is 11100010010001111101 (base 2) in base 16?
e247d
Convert -472517 (base 8) to base 7.
-1240455
22640026 (base 7) to base 16
1e6892
-5037 (base 11) to base 6
-50555
Convert 5269642 (base 11) to base 2.
100011011001101111111000
-3065130 (base 7) to base 5
-43303023
Convert -12575503 (base 10) to base 4.
-233332030033
-369815 (base 12) to base 15
-128008
237159 (base 14) to base 3
2021111022212
Convert -32587075 (base 9) to base 4.
-330020303111
What is -4644417 (base 8) in base 14?
-24c859
23322331 (base 5) to base 9
355608
What is 506101 (base 11) in base 15?
110ee3
-11001010000010101100 (base 2) to base 13
-22c8aa
Convert -74aa2 (base 11) to base 3.
-12112200222
Convert 7645521 (base 8) to base 7.
23301202
What is -3866 (base 13) in base 12?
-478b
102202012011120 (base 3) to base 2
10111110100001111001111
16a1671 (base 13) to base 6
421221332
Convert -32103330201 (base 4) to base 2.
-1110010011111100100001
111550341 (base 6) to base 5
1011123301
-4596 (base 12) to base 3
-101121220
1012010021021 (base 3) to base 7
5242156
13a21 (base 15) to base 9
105414
What is 7ee69 (base 16) in base 10?
519785
What is 11002020221 (base 3) in base 15?
18c37
-612110 (base 7) to base 10
-103985
Convert -635256 (base 7) to base 5.
-12004044
Convert 13446610 (base 7) to base 16.
132901
What is 1177f7 (base 16) in base 2?
100010111011111110111
-30407 (base 9) to base 7
-112231
What is 1001011000000010010011 (base 2) in base 9?
4555350
What is 1a68896 (base 12) in base 8?
25324362
What is -306d2 (base 16) in base 7?
-1454202
Convert -132052 (base 9) to base 4.
-103211231
What is 110010001001000100111 (base 2) in base 11?
a2249a
-1a4cb11 (base 14) to base 3
-220122101002000
What is 5c631 (base 15) in base 3?
112222200201
Convert -10012220012 (base 3) to base 9.
-105805
Convert -422201212 (base 5) to base 15.
-24a657
-204331213 (base 6) to base 2
-1101101000011001111001
Convert 331300030312 (base 4) to base 5.
13121010324
Convert e735 (base 16) to base 12.
2a305
What is 1a6926 (base 11) in base 9?
532217
-1129173 (base 11) to base 13
-5416bb
What is 10121121122122 (base 3) in base 8?
7250557
-21033301122 (base 4) to base 13
-66b379
What is 3441144 (base 5) in base 16?
f261
1013303301 (base 4) to base 7
2333343
23cb2 (base 14) to base 15
1ae32
Convert 1424131300 (base 5) to base 16.
390fb7
Convert -327375 (base 8) to base 3.
-12121100102
-1134852 (base 9) to base 10
-613784
Convert -2a1408 (base 15) to base 11.
-11666a3
Convert -2330103303 (base 4) to base 10.
-771315
-2515124 (base 7) to base 12
-137278
What is 1113210133 (base 4) in base 15?
71427
42416 (base 8) to base 3
220020202
What is 410421140 (base 5) in base 10?
1654545
Convert 10110111110111001011 (base 2) to base 7.
6254424
Convert 2a370aa (base 12) to base 9.
17047384
-4012218 (base 10) to base 14
-766270
Convert 516855 (base 16) to base 5.
2331211000
Convert -49acb (base 15) to base 12.
-b4218
Convert 28b549 (base 12) to base 7.
5544144
What is 1490810 (base 11) in base 10?
2548513
-69c79c (base 14) to base 9
-6707037
Convert -1110100010010101 (base 2) to base 14.
-179ad
What is 4104302033 (base 5) in base 3?
120120102112102
122131203 (base 4) to base 7
630666
What is 378c4 (base 14) in base 6?
2530312
What is 44565270 (base 8) in base 10?
9628344
Convert 39b44 (base 13) to base 16.
1a36b
What is 223c9 (base 16) in base 3?
21010100211
-8768b3 (base 16) to base 6
-514112031
-142421425 (base 6) to base 7
-33606533
-632bb9 (base 14) to base 15
-4628d4
What is -33956 (base 10) in base 8?
-102244
-722210 (base 9) to base 15
-86c99
Convert 26333 (base 10) to base 8.
63335
Convert cc3bab (base 13) to base 6.
251005515
What is 31031103131 (base 4) in base 12?
11ab825
Convert 28b74e (base 16) to base 9.
5016271
Convert 105b010 (base 12) to base 8.
13667514
Convert -353a76a (base 11) to base 8.
-27442456
What is e1c0b0 (base 15) in base 12?
3711210
Convert -21b114a (base 12) to base 8.
-30467212
Convert 437884 (base 10) to base 9.
736587
What is -10010001010011100 (base 2) in base 15?
-1709b
Convert 102232 (base 7) to base 16.
44ce
-27a900 (base 11) to base 14
-b5da4
What is -101110133231 (base 4) in base 8?
-21243755
What is 5606025 (base 7) in base 13?
1b2796
Convert -100202120112 (base 3) to base 5.
-22122041
Convert 12e8bc8 (base 15) to base 7.
224001320
Convert -129ce (base 15) to base 4.
-32203022
What is 2011323 (base 4) in base 6?
103403
What is 1000100000010111111111 (base 2) in base 4?
20200113333
513995 (base 13) to base 15
275e75
-19761b (base 16) to base 11
-a3a741
-44303 (base 11) to base 9
-107123
What is -6b8811 (base 12) in base 8?
-6476615
-105400 (base 12) to base 14
-6a080
Convert -3234531 (base 6) to base 15.
-32831
Convert 10168b (base 13) to base 16.
5b75b
Convert -5731132 (base 8) to base 11.
-970866
Convert -970b1b (base 16) to base 3.
-200121220120110
What is 98617 (base 10) in base 9?
160244
What is -551252 (base 6) in base 12?
-22528
Convert 442345311 (base 6) to base 4.
132113222023
Convert -17151465 (base 8) to base 6.
-221234433
What is 44202001 (base 5) in base 10?
381501
What is -3334323 (base 5) in base 15?
-125e3
-10011551 (base 6) to base 7
-2252110
253254312 (base 6) to base 3
100021001120022
-120011113131 (base 4) to base 13
-1400880
What is 3335412 (base 7) in base 9?
687743
What is -1084878 (base 10) in base 7?
-12135624
What is -25655666 (base 7) in base 10?
-2350235
10335611 (base 7) to base 5
211230214
22200030010 (base 4) to base 13
755281
Convert -e9725 (base 16) to base 15.
-13d4b7
Convert 120043300 (base 5) to base 14.
104533
-1100110100111111011 (base 2) to base 5
-101422342
114631 (base 7) to base 9
31587
Convert 1000100101110100001010 (base 2) to base 13.
60b090
What is 346626 (base 8) in base 6?
2311022
What is -3b5ad (base 15) in base 6?
-4024544
What is 1010100010001001001001 (base 2) in base 6?
135103425
-1267a7 (base 13) to base 9
-744510
Convert 13dca (base 15) to base 16.
f979
Convert -6bcdcc (base 15) to base 14.
-9833ca
-890222 (base 10) to base 3
-1200020011012
Convert 1111100101001100100000 (base 2) to base 11.
233a833
What is 220432235 (base 6) in base 11?
2261192
172dd0 (base 16) to base 10
1519056
Convert c8c76 (base 13) to base 12.
1558a9
What is -2c079 (base 15) in base 5?
-14014424
What is -10221003030 (base 4) in base 2?
-100101001000011001100
What is 10110011110010111 (base 2) in base 15?
1c420
What is 119bd2 (base 15) in base 3?
1120211102222
Convert 247644 (base 12) to base 10.
593620
6f000 (base 16) to base 5
104022111
Convert -11100011100101 (base 2) to base 10.
-14565
What is -40403222 (base 5) in b